- (-5 - (0 + -3)). Suppose i = 4*t - 77 + 5. What are the prime factors of t?
2, 3
Suppose -n = -3*n + 40. List the prime factors of n.
2, 5
Let h(o) = o**3 - 3*o**2 + o + 2. Let p be h(2). Suppose p = 3*k - 38 + 8. List the prime factors of k.
2, 5
Let d(x) = 2*x + 3 + 2*x**2 + 0 + 2*x. Suppose 4*h - 4 = 0, -a + 9*h = 4*h + 7. List the prime factors of d(a).
3
Suppose 11 = u - 46. List the prime factors of u.
3, 19
Suppose 8*i - 5*s = 6*i + 337, -2*s = 6. What are the prime factors of i?
7, 23
Let h(t) = 7*t. Let q be h(-5). Let p be 2/(-7) - (-655)/q. Let o = p + 27. List the prime factors of o.
2
Suppose 2*h = -3*j + 2*j + 144, 4*j - 72 = -h. List the prime factors of h.
2, 3
Suppose -6 + 2 = 4*f. Let c be (f - -4)*(-12)/18. List the prime factors of (2 + -18)*c/4.
2
Let p = 9 - 7. Suppose 0 = -p*d + d + 50. What are the prime factors of d?
2, 5
Let b(r) = -43*r - 6. What are the prime factors of b(-3)?
3, 41
Let k be 75/6 - (-2)/(-4). Suppose 4*u = 32 - k. Suppose 0*x = u*x - 90. List the prime factors of x.
2, 3
Let l = -4 - 1. Let y = -38 + 58. Let w = y + l. What are the prime factors of w?
3, 5
Let p be 2 + (-1 - -2)*0. Let u(y) = -3 - 2*y - 1 + y**2 + 0*y**p. List the prime factors of u(5).
11
Let v be 3 - (7 - (-3 - -3)). What are the prime factors of (-119)/v - 8/(-32)?
2, 3, 5
Let s be 1 - 2/((-4)/(-6)). Let f be -1*(-6 + 5)*-1. List the prime factors of (s - f) + -5 + 17.
11
Let h(q) = 23*q**2 - 5*q + 2. Let v be h(-4). Suppose -c = 5*n - 541, 0 = 4*n + 3*c - 45 - v. List the prime factors of n/15 - 2/10.
7
List the prime factors of 42*4*(-3)/(-12).
2, 3, 7
Let q(z) = 3*z**2 - 3*z - 2. What are the prime factors of q(-3)?
2, 17
Let f(b) = 4 - 3*b**2 + 4*b**2 - 1 + 2 + b. List the prime factors of f(-6).
5, 7
Let u(j) = 8*j - 2. Let z be u(-2). Let k = 34 + z. List the prime factors of k.
2
Let x be 10/25 + (-758)/(-5). Suppose -5*s + s = -x. Suppose 2*z - s = -14. List the prime factors of z.
2, 3
Let x(q) = 21*q**3. What are the prime factors of x(1)?
3, 7
Let l = 1 - -20. List the prime factors of l.
3, 7
Suppose y = -2*z - 4 + 12, 2*y + 14 = 2*z. Suppose 2*h + 6 = l + 7*h, z*h = 3*l - 38. Suppose a - 2 - l = 0. What are the prime factors of a?
13
Let o(y) = -y**2 + 6*y + 3. Let t be 24/(-5)*20/(-6). Suppose 0 = -v - 2*g + 1, -t = -4*v - 4*g - 4. What are the prime factors of o(v)?
2
Let g(n) = -n**3 + 17*n**2 - 8*n - 12. Let b be g(16). What are the prime factors of (b/6)/(6/9)?
29
Let g = 3 - 1. Suppose 165 = 3*m + g*m. What are the prime factors of m?
3, 11
Let x(j) = j + 7. Let w be x(-4). Suppose 4*o - 36 = 4*d, 2*o = -2*o + w*d + 41. List the prime factors of o.
2, 7
Let k be 3 - (-76)/1 - 1. Suppose -3*t = -k - 6. List the prime factors of t.
2, 7
Let r = 6 + -3. Suppose 6 + r = 3*p. Suppose -p*h + 13 + 5 = 0. What are the prime factors of h?
2, 3
Suppose 7*z - 12*z = -50. Let o(k) = k**3 - 9*k**2 - 5*k - 13. What are the prime factors of o(z)?
37
Suppose 5*j + 4 + 6 = 0. Let p(b) = b**3 + 2*b**2 + 2. Let k be p(j). Suppose 5*o = 4*f + f + 15, -2*o = k*f - 18. What are the prime factors of o?
2, 3
Suppose 5*b + 14 = 3*b. Let c = b - -32. What are the prime factors of c?
5
Suppose 0*h = 5*h - 160. Suppose 4*c = -4*j + h, 5*j - 6*c - 33 = -4*c. What are the prime factors of j?
7
Let b(t) = -1 + 0 - 1 + 2*t**2. Let j be b(2). Let w = 16 - j. List the prime factors of w.
2, 5
Suppose -2*y + 14 = -2*k, 2*y + 7*k = 4*k + 9. Let g be (-14)/(-6) - 2/y. List the prime factors of (g + 1)/1*2.
2, 3
Let w(j) = -j**2 - j. Let o be w(-4). Let c = 12 - o. Suppose -v - v = -c. What are the prime factors of v?
2, 3
Suppose 3*i - 12 = -2*k + 4, 5*i + 3*k = 26. Suppose 4*o = -2*s + 28, 2*o = -i*s + 22 + 10. What are the prime factors of s?
2, 3
Let q = -25 - -23. What are the prime factors of (-265)/(-10) + (-3)/q?
2, 7
Let q(c) = 2*c**2 + 4*c - 12. What are the prime factors of q(-10)?
2, 37
Let g = 42 + -39. What are the prime factors of g?
3
Let j be 4/(-26) - (-930)/(-39). Let u = 40 + j. Suppose 0 = 2*k - 2*f - u, 4*k = 5*k + 4*f + 12. What are the prime factors of k?
2
Let g = 5 - -3. Let p = g + 4. What are the prime factors of p?
2, 3
Let p(x) = x**3 + 6*x**2 - 8*x. List the prime factors of p(-7).
7
Let t(m) = m**3 - 17*m**2 + 17*m + 35. List the prime factors of t(16).
3, 17
Suppose -3*s + 7*s - 68 = 0. What are the prime factors of s?
17
Let n(f) = -2*f**2 + 2*f. Let x be 2 - (-4 - -1 - -2). Let o be n(x). What are the prime factors of ((-2)/3)/(2/o)?
2
Suppose 3*a - 141 = 45. What are the prime factors of a?
2, 31
Let k(i) = -4 - 9*i + i**3 + 6*i**2 - 2*i + i. Let b(u) = u**2 - 9*u - 7. Let m be b(9). List the prime factors of k(m).
17
Suppose 0 = -2*w + 4, 0*w - 5*w - 154 = -2*z. List the prime factors of z.
2, 41
Let w(g) = -g + 88. Let b be (1 - 3/6)*0. Let y be w(b). What are the prime factors of y/6 + 4/12?
3, 5
Let b be 2/(-2 + 2 + 1). Suppose -6*d - 5*r + 45 = -2*d, -28 = -3*d + b*r. What are the prime factors of d?
2, 5
Suppose 5*s - 5*q = 135, 0*q = -5*s + 3*q + 125. What are the prime factors of s?
2, 11
List the prime factors of (-114)/(-3) - -3 - 3.
2, 19
Let x = 7 - -22. What are the prime factors of x?
29
Let z be (-6)/9*(-27)/6. Let g = z + -5. List the prime factors of (9 + g)*2/7.
2
What are the prime factors of (-7 - 1)*-34 + (-3)/(-1)?
5, 11
Let i = 18 - 12. Suppose 2*q = i*q. Let a = 11 - q. What are the prime factors of a?
11
Let j = 8 - 14. Let l be 10/(-15) - 28/j. Suppose -5*t = -l*w + 31 + 49, 0 = -2*w - 2*t + 22. What are the prime factors of w?
3, 5
Suppose y - 12 = -3*s + 19, -27 = -3*s + 3*y. List the prime factors of s.
2, 5
Let m(o) = o**2 - o. Let s be m(2). Suppose s*r = -r. What are the prime factors of 2 + r*(-1)/(-2)?
2
Let r = -86 - -54. Let c(y) = -y**3 + 5*y**2 - 4*y - 3. Let t be c(5). Let s = t - r. List the prime factors of s.
3
Suppose -5*t - l + 119 = 9, t - 4*l - 1 = 0. List the prime factors of t.
3, 7
Let t = 14 + -11. Suppose -f + t*f - 38 = 0. What are the prime factors of f?
19
Let x = -8 - -10. Suppose 2*i - 6 = 4*s, x*i + 5*s - 53 = -i. List the prime factors of i.
11
Suppose -5*p - 3*c = 7, -2*p = -2*c + 5*c + 1. Let r be (-5)/((-5)/28) + p. Suppose 4*k - a = 57, 0 = 3*k + 4*a + 7 - r. What are the prime factors of k?
13
Suppose -3*q = -44 - 4. Let k = q + -10. Suppose 2 + k = 2*w. What are the prime factors of w?
2
List the prime factors of 4/6 - 48/(-9).
2, 3
Let q be ((-16)/(-10))/(2/5). Suppose w - 11 = t, -q*t + 16 - 6 = 5*w. List the prime factors of w.
2, 3
Suppose -f + 99 = 24. List the prime factors of f.
3, 5
Suppose 0*y + 5*y = -100. List the prime factors of 3 + (-4 - -3)*y.
23
Let h(x) = 3*x + 0*x - 7 + 0. What are the prime factors of h(3)?
2
Let m(i) = i + 1. Let q be m(-1). Let f = -2 + q. What are the prime factors of (-33)/f*8/12?
11
Let q(i) = 6*i + 1. What are the prime factors of q(1)?
7
Suppose -4*j = j. Let t be -28 - (2 - (4 - j)). Let i = t - -41. What are the prime factors of i?
3, 5
Let h = 34 - 5. Let i = h - 10. What are the prime factors of i?
19
List the prime factors of (-2)/2 - (3 + -52).
2, 3
Let p be 1/(-3 + 10/4). What are the prime factors of p/8 - 360/(-32)?
11
List the prime factors of (-4)/(-8) - (-9)/(-6) - -63.
2, 31
Let n(w) = -w**2 - 28*w + 42. What are the prime factors of n(-20)?
2, 101
Let m(g) = 5*g - 7. Let u(f) = -2*f + 3. Let h(k) = 3*m(k) + 7*u(k). List the prime factors of h(4).
2
Let d = 48 - 31. What are the prime factors of d?
17
Let d = -11 + 15. Let p(w) = 8*w + 8. Let l(s) = 3*s + 3. Let g(t) = d*p(t) - 11*l(t). What are the prime factors of g(-7)?
2, 3
Suppose -3*t - 10 = 2*t + 5*f, 0 = -f. Let i(k) = k**2 - 2*k - 3. Let h be i(t). Let q = -2 + h. List the prime factors of q.
3
Let k(u) = u**3 + 8*u**2 - 4*u - 11. Suppose -h = -4, -2*p + h + 1 = 5. Let q be 3*(16/(-6) - p). What are the prime factors of k(q)?
3, 7
Suppose -310 = -4*l - 18. Suppose l = 3*i + 25. List the prime factors of i.
2
List the prime factors of 2/1 - (14 + -25).
13
Suppose 3*b - 11 - 4 = 0. What are the prime factors of b?
5
Suppose 4*h - 52 = -0*h. What are the prime factors of h?
13
Let y = 18 + -13. Suppose 0 = y*q - 51 + 11. What are the prime factors of q?
2
Let m(d) = 2*d**2 - 1. Let h be m(1). Let t be 2/(-2) - h*-5. List the prime f